{"id":930,"date":"2017-11-22T18:04:43","date_gmt":"2017-11-22T17:04:43","guid":{"rendered":"https:\/\/www.muximum.de\/home\/?page_id=930"},"modified":"2022-05-17T13:21:18","modified_gmt":"2022-05-17T11:21:18","slug":"impressum","status":"publish","type":"page","link":"https:\/\/www.muximum.de\/home\/impressum\/","title":{"rendered":"Impressum"},"content":{"rendered":"<div class=\"fusion-fullwidth fullwidth-box fusion-builder-row-1 nonhundred-percent-fullwidth non-hundred-percent-height-scrolling\" style=\"background-color: #ffffff;background-position: center center;background-repeat: no-repeat;padding-top:0px;padding-right:0px;padding-bottom:0px;padding-left:0px;margin-bottom: 0px;margin-top: 0px;border-width: 0px 0px 0px 0px;border-color:#eae9e9;border-style:solid;\" ><div class=\"fusion-builder-row fusion-row\"><div class=\"fusion-layout-column fusion_builder_column fusion-builder-column-0 fusion_builder_column_1_1 1_1 fusion-one-full fusion-column-first fusion-column-last\" style=\"margin-top:0px;margin-bottom:0px;\"><div class=\"fusion-column-wrapper fusion-flex-column-wrapper-legacy\" style=\"background-position:left top;background-repeat:no-repeat;-webkit-background-size:cover;-moz-background-size:cover;-o-background-size:cover;background-size:cover;padding: 0px 0px 0px 0px;\"><div class=\"fusion-text fusion-text-1\"><p>Impressum<br \/>\nAngaben gem\u00e4\u00df \u00a7 5 TMG<\/p>\n<p>muximum design GmbH<br \/>\nSchrannenstra\u00dfe 20<br \/>\n85049 Ingolstadt<\/p>\n<p>Vertreten durch:<br \/>\nSebastian Lindl<br \/>\nE-Mail: lindl@muximum.de<\/p>\n<p>Umsatzsteuer-ID:<br \/>\nUmsatzsteuer-Identifikationsnummer gem\u00e4\u00df \u00a727a Umsatzsteuergesetz: DE 304 600 766.<\/p>\n<p>Registereintrag:<br \/>\nAmtsgericht Ingolstadt, RegisterNr: HRB 7729<\/p>\n<p>Haftungsausschluss:<\/p>\n<p>Haftung f\u00fcr Inhalte<\/p>\n<p>Die Inhalte unserer Seiten wurden mit gr\u00f6\u00dfter Sorgfalt erstellt. F\u00fcr die Richtigkeit, Vollst\u00e4ndigkeit und Aktualit\u00e4t der Inhalte k\u00f6nnen wir jedoch keine Gew\u00e4hr \u00fcbernehmen. Als Diensteanbieter sind wir gem\u00e4\u00df \u00a7 7 Abs.1 TMG f\u00fcr eigene Inhalte auf diesen Seiten nach den allgemeinen Gesetzen verantwortlich. Nach \u00a7\u00a7 8 bis 10 TMG sind wir als Diensteanbieter jedoch nicht verpflichtet, \u00fcbermittelte oder gespeicherte fremde Informationen zu \u00fcberwachen oder nach Umst\u00e4nden zu forschen, die auf eine rechtswidrige T\u00e4tigkeit hinweisen. Verpflichtungen zur Entfernung oder Sperrung der Nutzung von Informationen nach den allgemeinen Gesetzen bleiben hiervon unber\u00fchrt. Eine diesbez\u00fcgliche Haftung ist jedoch erst ab dem Zeitpunkt der Kenntnis einer konkreten Rechtsverletzung m\u00f6glich. Bei Bekanntwerden von entsprechenden Rechtsverletzungen werden wir diese Inhalte umgehend entfernen.<\/p>\n<p>Haftung f\u00fcr Links<\/p>\n<p>Unser Angebot enth\u00e4lt Links zu externen Webseiten Dritter, auf deren Inhalte wir keinen Einfluss haben. Deshalb k\u00f6nnen wir f\u00fcr diese fremden Inhalte auch keine Gew\u00e4hr \u00fcbernehmen. F\u00fcr die Inhalte der verlinkten Seiten ist stets der jeweilige Anbieter oder Betreiber der Seiten verantwortlich. Die verlinkten Seiten wurden zum Zeitpunkt der Verlinkung auf m\u00f6gliche Rechtsverst\u00f6\u00dfe \u00fcberpr\u00fcft. Rechtswidrige Inhalte waren zum Zeitpunkt der Verlinkung nicht erkennbar. Eine permanente inhaltliche Kontrolle der verlinkten Seiten ist jedoch ohne konkrete Anhaltspunkte einer Rechtsverletzung nicht zumutbar. Bei Bekanntwerden von Rechtsverletzungen werden wir derartige Links umgehend entfernen.<\/p>\n<p>Urheberrecht<\/p>\n<p>Die durch die Seitenbetreiber erstellten Inhalte und Werke auf diesen Seiten unterliegen dem deutschen Urheberrecht. Die Vervielf\u00e4ltigung, Bearbeitung, Verbreitung und jede Art der Verwertung au\u00dferhalb der Grenzen des Urheberrechtes bed\u00fcrfen der schriftlichen Zustimmung des jeweiligen Autors bzw. Erstellers. Downloads und Kopien dieser Seite sind nur f\u00fcr den privaten, nicht kommerziellen Gebrauch gestattet. Soweit die Inhalte auf dieser Seite nicht vom Betreiber erstellt wurden, werden die Urheberrechte Dritter beachtet. Insbesondere werden Inhalte Dritter als solche gekennzeichnet. Sollten Sie trotzdem auf eine Urheberrechtsverletzung aufmerksam werden, bitten wir um einen entsprechenden Hinweis. Bei Bekanntwerden von Rechtsverletzungen werden wir derartige Inhalte umgehend entfernen.<\/p>\n<p>Verwendung von Cookies auf unserer Website<\/p>\n<p>Ein \u00bbCookie\u00ab ist eine Information, die eine Website an den Browser auf der Festplatte Ihres Computers vermittelt, so dass die Website nachvollziehen kann, wer Sie sind. Ein Cookie enth\u00e4lt normalerweise den Namen der Domain, von der der Cookie stammt, die \u00bbLebensdauer\u00ab des Cookies und einen Wert, in der Regel eine zuf\u00e4llig generierte Nummer. Wenn Sie unsere Website besuchen, senden wir Ihnen einen Cookie. Wir verwenden Cookies, um Sie als Besucher unserer Webseite wieder zuerkennen oder Inhalte unserer Seiten Ihren bevorzugten Interessen anzupassen oder anonym, um Statistiken zu erstellen, die es uns erm\u00f6glichen, zu verstehen, wie Nutzer unsere Website nutzen und uns helfen, die Struktur unserer Website zu verbessern. Eine Identifizierung Ihrer Person \u00fcber den Cookie ist nicht m\u00f6glich. Sie k\u00f6nnen Cookies ablehnen, indem Sie die Einstellungen in Ihrem Browser \u00e4ndern. Wenn Cookies deaktiviert sind, sind Sie m\u00f6glicherweise jedoch nicht in der Lage, alle interaktiven Funktionen unserer Website zu nutzen.<\/p>\n<\/div><div class=\"fusion-clearfix\"><\/div><\/div><\/div><\/div><\/div>\n","protected":false},"excerpt":{"rendered":"","protected":false},"author":1,"featured_media":0,"parent":0,"menu_order":0,"comment_status":"closed","ping_status":"closed","template":"","meta":{"footnotes":""},"aioseo_notices":[],"_links":{"self":[{"href":"https:\/\/www.muximum.de\/home\/wp-json\/wp\/v2\/pages\/930"}],"collection":[{"href":"https:\/\/www.muximum.de\/home\/wp-json\/wp\/v2\/pages"}],"about":[{"href":"https:\/\/www.muximum.de\/home\/wp-json\/wp\/v2\/types\/page"}],"author":[{"embeddable":true,"href":"https:\/\/www.muximum.de\/home\/wp-json\/wp\/v2\/users\/1"}],"replies":[{"embeddable":true,"href":"https:\/\/www.muximum.de\/home\/wp-json\/wp\/v2\/comments?post=930"}],"version-history":[{"count":8,"href":"https:\/\/www.muximum.de\/home\/wp-json\/wp\/v2\/pages\/930\/revisions"}],"predecessor-version":[{"id":1470,"href":"https:\/\/www.muximum.de\/home\/wp-json\/wp\/v2\/pages\/930\/revisions\/1470"}],"wp:attachment":[{"href":"https:\/\/www.muximum.de\/home\/wp-json\/wp\/v2\/media?parent=930"}],"curies":[{"name":"wp","href":"https:\/\/api.w.org\/{rel}","templated":true}]}}